{"id":1117,"date":"2025-06-27T03:18:19","date_gmt":"2025-06-27T03:18:19","guid":{"rendered":"http:\/\/web.observatorioagro.gob.bo\/?page_id=1117"},"modified":"2025-07-31T16:02:26","modified_gmt":"2025-07-31T16:02:26","slug":"clima","status":"publish","type":"page","link":"https:\/\/observatorioagro.gob.bo\/?page_id=1117","title":{"rendered":"Clima"},"content":{"rendered":"\t\t<div data-elementor-type=\"wp-page\" data-elementor-id=\"1117\" class=\"elementor elementor-1117\" data-elementor-post-type=\"page\">\n\t\t\t\t<div class=\"elementor-element elementor-element-7a27394 e-flex e-con-boxed e-con e-parent\" data-id=\"7a27394\" data-element_type=\"container\" data-settings=\"{&quot;background_background&quot;:&quot;classic&quot;}\">\n\t\t\t\t\t<div class=\"e-con-inner\">\n\t\t\t\t<div class=\"elementor-element elementor-element-a230eaa elementor-widget elementor-widget-heading\" data-id=\"a230eaa\" data-element_type=\"widget\" data-widget_type=\"heading.default\">\n\t\t\t\t<div class=\"elementor-widget-container\">\n\t\t\t\t\t<h2 class=\"elementor-heading-title elementor-size-default\">Sistema de Alerta Temprana Agropecuario SAT AGRO<\/h2>\t\t\t\t<\/div>\n\t\t\t\t<\/div>\n\t\t\t\t<div class=\"elementor-element elementor-element-0b24eb2 elementor-widget elementor-widget-text-editor\" data-id=\"0b24eb2\" data-element_type=\"widget\" data-widget_type=\"text-editor.default\">\n\t\t\t\t<div class=\"elementor-widget-container\">\n\t\t\t\t\t\t\t\t\t<h2>Antecedentes<\/h2><p>En Bolivia, los eventos clim\u00e1ticos extremos se han intensificado en los \u00faltimos a\u00f1os, afectando gravemente al sector agropecuario y a las comunidades rurales. Ante esta situaci\u00f3n, el Estado ha implementado leyes como la Ley N\u00b0 300 y la Ley N\u00b0 602 para promover la adaptaci\u00f3n al cambio clim\u00e1tico y la gesti\u00f3n de riesgos. El Ministerio de Desarrollo Rural y Tierras (MDRyT) ha impulsado proyectos en este marco, pero enfrenta limitaciones por la dispersi\u00f3n de acciones, falta de informaci\u00f3n oportuna y ausencia de una estructura t\u00e9cnica especializada. Para responder de forma m\u00e1s efectiva, se ha creado la Unidad de Gesti\u00f3n de Riesgos y Cambio Clim\u00e1tico (UGRyCC), con el objetivo de centralizar y fortalecer la respuesta t\u00e9cnica y operativa del sector.<\/p><h2>Articulaci\u00f3n de la UGRyCC<\/h2><p>La UGRyCC tiene dependencia de la DGP, tiene la obligaci\u00f3n de:<\/p><ul><li><strong>Generar Informaci\u00f3n Agroclim\u00e1tica<\/strong> y establece la alerta temprana sobre la ocurrencia de los fen\u00f3menos clim\u00e1ticos adversos.<\/li><li><strong>Liderar o implementar pol\u00edticas nacional<\/strong> de prevenci\u00f3n de riesgo agropecuario.<br \/>Recuperaci\u00f3n Y rehabilitaci\u00f3n del sector antes situaciones de desastre.<\/li><li>Proveer <strong>informaci\u00f3n de Servicios Clim\u00e1ticos,<\/strong> actualizados contextualizados y oportunos al sector agropecuario, adem\u00e1s medidas para Gesti\u00f3n de Riesgos de perdidas y medidas de adaptaci\u00f3n de los sistemas productivos.<\/li><\/ul>\t\t\t\t\t\t\t\t<\/div>\n\t\t\t\t<\/div>\n\t\t\t\t<div class=\"elementor-element elementor-element-cea92a4 elementor-widget__width-initial elementor-widget elementor-widget-image\" data-id=\"cea92a4\" data-element_type=\"widget\" data-widget_type=\"image.default\">\n\t\t\t\t<div class=\"elementor-widget-container\">\n\t\t\t\t\t\t\t\t\t\t\t\t\t\t\t<img fetchpriority=\"high\" decoding=\"async\" width=\"800\" height=\"694\" src=\"https:\/\/observatorioagro.gob.bo\/wp-content\/uploads\/2025\/06\/engranages.png\" class=\"attachment-large size-large wp-image-1305\" alt=\"\" \/>\t\t\t\t\t\t\t\t\t\t\t\t\t\t\t<\/div>\n\t\t\t\t<\/div>\n\t\t\t\t<div class=\"elementor-element elementor-element-4590878 elementor-widget elementor-widget-text-editor\" data-id=\"4590878\" data-element_type=\"widget\" data-widget_type=\"text-editor.default\">\n\t\t\t\t<div class=\"elementor-widget-container\">\n\t\t\t\t\t\t\t\t\t<h2>Creaci\u00f3n de la Unidad de Gesti\u00f3n de Riesgo y Cambio Clim\u00e1tico UGRyCC<\/h2><p>La creaci\u00f3n de la UGRyCC, bajo dependencia de la Direcci\u00f3n General de Planificaci\u00f3n esta orientada acordinar la implementaci\u00f3n de mecanismos de prevenci\u00f3n, reducci\u00f3n y manejo de desastres para proteger la producci\u00f3n agropecuaria. Justifica mediante los Informes INF\/DGP\/UPEAI\/0191-2024, INF\/DGP UPEAI\/0222-2024 y INF\/DGP\/UPEAI\/0259-2024, emitido por la DGP.<\/p><p>La UGRyCC, funcionara con presupuesto de la OAP dependiendo de la DGP, con la partida 12100 \u201cPersonal eventual\u201d. Transferencia de equipos especializados por el APROCAM en la partida 25820 \u201cConsultor Individual de L\u00ednea\u201d.<\/p>\t\t\t\t\t\t\t\t<\/div>\n\t\t\t\t<\/div>\n\t\t\t\t<div class=\"elementor-element elementor-element-9ad1cbb elementor-widget__width-initial elementor-widget elementor-widget-image\" data-id=\"9ad1cbb\" data-element_type=\"widget\" data-widget_type=\"image.default\">\n\t\t\t\t<div class=\"elementor-widget-container\">\n\t\t\t\t\t\t\t\t\t\t\t\t\t\t\t<img decoding=\"async\" width=\"800\" height=\"276\" src=\"https:\/\/observatorioagro.gob.bo\/wp-content\/uploads\/2025\/06\/mp1.png\" class=\"attachment-large size-large wp-image-1306\" alt=\"\" \/>\t\t\t\t\t\t\t\t\t\t\t\t\t\t\t<\/div>\n\t\t\t\t<\/div>\n\t\t\t\t<div class=\"elementor-element elementor-element-361cf35 elementor-widget elementor-widget-image\" data-id=\"361cf35\" data-element_type=\"widget\" data-widget_type=\"image.default\">\n\t\t\t\t<div class=\"elementor-widget-container\">\n\t\t\t\t\t\t\t\t\t\t\t\t\t\t\t<img decoding=\"async\" width=\"800\" height=\"535\" src=\"https:\/\/observatorioagro.gob.bo\/wp-content\/uploads\/2025\/06\/mp2.png\" class=\"attachment-large size-large wp-image-1307\" alt=\"\" \/>\t\t\t\t\t\t\t\t\t\t\t\t\t\t\t<\/div>\n\t\t\t\t<\/div>\n\t\t\t\t<div class=\"elementor-element elementor-element-8d23777 elementor-widget elementor-widget-text-editor\" data-id=\"8d23777\" data-element_type=\"widget\" data-widget_type=\"text-editor.default\">\n\t\t\t\t<div class=\"elementor-widget-container\">\n\t\t\t\t\t\t\t\t\t<h2>Sistemas de Alerta Temprana SAT-AGRO<\/h2>\t\t\t\t\t\t\t\t<\/div>\n\t\t\t\t<\/div>\n\t\t\t\t<div class=\"elementor-element elementor-element-a8e0b94 elementor-widget elementor-widget-image\" data-id=\"a8e0b94\" data-element_type=\"widget\" data-widget_type=\"image.default\">\n\t\t\t\t<div class=\"elementor-widget-container\">\n\t\t\t\t\t\t\t\t\t\t\t\t\t\t\t<img loading=\"lazy\" decoding=\"async\" width=\"800\" height=\"283\" src=\"https:\/\/observatorioagro.gob.bo\/wp-content\/uploads\/2025\/06\/mp3-1.png\" class=\"attachment-large size-large wp-image-1309\" alt=\"\" \/>\t\t\t\t\t\t\t\t\t\t\t\t\t\t\t<\/div>\n\t\t\t\t<\/div>\n\t\t\t\t\t<\/div>\n\t\t\t\t<\/div>\n\t\t\t\t<\/div>\n\t\t","protected":false},"excerpt":{"rendered":"<p>Sistema de Alerta Temprana Agropecuario SAT AGRO Antecedentes En Bolivia, los eventos clim\u00e1ticos extremos se han intensificado en los \u00faltimos a\u00f1os, afectando gravemente al sector agropecuario y a las comunidades rurales. Ante esta situaci\u00f3n, el Estado ha implementado leyes como la Ley N\u00b0 300 y la Ley N\u00b0 602 para promover la adaptaci\u00f3n al cambio [&hellip;]<\/p>\n","protected":false},"author":1,"featured_media":0,"parent":0,"menu_order":0,"comment_status":"closed","ping_status":"closed","template":"","meta":{"footnotes":""},"class_list":["post-1117","page","type-page","status-publish","hentry"],"_links":{"self":[{"href":"https:\/\/observatorioagro.gob.bo\/index.php?rest_route=\/wp\/v2\/pages\/1117","targetHints":{"allow":["GET"]}}],"collection":[{"href":"https:\/\/observatorioagro.gob.bo\/index.php?rest_route=\/wp\/v2\/pages"}],"about":[{"href":"https:\/\/observatorioagro.gob.bo\/index.php?rest_route=\/wp\/v2\/types\/page"}],"author":[{"embeddable":true,"href":"https:\/\/observatorioagro.gob.bo\/index.php?rest_route=\/wp\/v2\/users\/1"}],"replies":[{"embeddable":true,"href":"https:\/\/observatorioagro.gob.bo\/index.php?rest_route=%2Fwp%2Fv2%2Fcomments&post=1117"}],"version-history":[{"count":61,"href":"https:\/\/observatorioagro.gob.bo\/index.php?rest_route=\/wp\/v2\/pages\/1117\/revisions"}],"predecessor-version":[{"id":3220,"href":"https:\/\/observatorioagro.gob.bo\/index.php?rest_route=\/wp\/v2\/pages\/1117\/revisions\/3220"}],"wp:attachment":[{"href":"https:\/\/observatorioagro.gob.bo\/index.php?rest_route=%2Fwp%2Fv2%2Fmedia&parent=1117"}],"curies":[{"name":"wp","href":"https:\/\/api.w.org\/{rel}","templated":true}]}}