{"id":1955,"date":"2025-07-09T14:54:39","date_gmt":"2025-07-09T14:54:39","guid":{"rendered":"http:\/\/web.observatorioagro.gob.bo\/?page_id=1955"},"modified":"2025-07-09T14:58:49","modified_gmt":"2025-07-09T14:58:49","slug":"proveedores-unicos-en-ciudades-fronterizas","status":"publish","type":"page","link":"https:\/\/observatorioagro.gob.bo\/?page_id=1955","title":{"rendered":"Proveedores \u00danicos en Ciudades Fronterizas"},"content":{"rendered":"\t\t<div data-elementor-type=\"wp-page\" data-elementor-id=\"1955\" class=\"elementor elementor-1955\" data-elementor-post-type=\"page\">\n\t\t\t\t<div class=\"elementor-element elementor-element-27acea0 e-flex e-con-boxed e-con e-parent\" data-id=\"27acea0\" data-element_type=\"container\" data-settings=\"{&quot;background_background&quot;:&quot;classic&quot;}\">\n\t\t\t\t\t<div class=\"e-con-inner\">\n\t\t\t\t<div class=\"elementor-element elementor-element-35f2d4a elementor-widget elementor-widget-heading\" data-id=\"35f2d4a\" data-element_type=\"widget\" data-widget_type=\"heading.default\">\n\t\t\t\t<div class=\"elementor-widget-container\">\n\t\t\t\t\t<h1 class=\"elementor-heading-title elementor-size-default\">Registro de Proveedores \u00danicos en Ciudades Fronterizas<\/h1>\t\t\t\t<\/div>\n\t\t\t\t<\/div>\n\t\t\t\t<div class=\"elementor-element elementor-element-23f7825 elementor-widget elementor-widget-text-editor\" data-id=\"23f7825\" data-element_type=\"widget\" data-widget_type=\"text-editor.default\">\n\t\t\t\t<div class=\"elementor-widget-container\">\n\t\t\t\t\t\t\t\t\t<h2><span style=\"color: #000000;\">Descripci\u00f3n breve:<\/span><\/h2><p class=\"western\" align=\"justify\"><span style=\"font-family: Calibri, serif;\"><span style=\"font-size: medium;\"><span style=\"font-family: Arial, sans-serif;\"><span lang=\"es-MX\">Con la finalidad de contribuir con la lucha contra el contrabando de salida de alimentos y fortalecer la presencia de productores locales en zonas lim\u00edtrofes, se implementa el Registro de Proveedores \u00danicos.<\/span><\/span><\/span><\/span><\/p><h2><span style=\"color: #000000;\">Objetivo:<\/span><\/h2><p class=\"western\" align=\"justify\"><span style=\"font-family: Calibri, serif;\"><span style=\"font-size: medium;\"><span style=\"font-family: Arial, sans-serif;\"><span lang=\"es-MX\">Registrar a <\/span><\/span><span style=\"font-family: Arial, sans-serif;\">personas naturales y jur\u00eddicas que desarrollen actividades de abastecimiento de alimentos primarios de origen agropecuario en la zona de seguridad fronteriza y otorgar el Certificado de Proveedores \u00danicos de acuerdo a lo determinado por el Consejo para el Desarrollo Fronterizo y Seguridad, en el marco del D.S. 5245 de 9 de octubre de 2024<\/span><span style=\"font-family: Arial, sans-serif;\"><span lang=\"es-MX\">.<\/span><\/span><\/span><\/span><\/p><h2><span style=\"color: #000000;\">Requisitos<\/span>:<\/h2><ol><li><p class=\"western\" lang=\"es-ES\" align=\"left\"><span style=\"font-size: medium;\">Declaraci\u00f3n Jurada debidamente llenada y firmada;<\/span><\/p><\/li><li><p class=\"western\" lang=\"es-ES\" align=\"left\"><span style=\"font-size: medium;\">Fotocopia de c\u00e9dula de identidad del proveedor o del Representante legal, vigente; <\/span><\/p><\/li><li><p class=\"western\" lang=\"es-ES\" align=\"left\"><span style=\"font-size: medium;\">Fotocopia de factura de luz o agua del establecimiento de venta (de los 3 \u00faltimos meses, si corresponde);<\/span><\/p><\/li><li><p class=\"western\" lang=\"es-ES\" align=\"left\"><span style=\"font-size: medium;\">Croquis del establecimiento de venta en el municipio fronterizo;<\/span><\/p><\/li><li><p class=\"western\" lang=\"es-ES\" align=\"left\"><span style=\"font-size: medium;\">Fotocopia de NIT activo (si corresponde);<\/span><\/p><\/li><li><p class=\"western\" lang=\"es-ES\" align=\"left\"><span style=\"font-size: medium;\">Boleta de Pago de patentes o documento equivalente, vigente;<\/span><\/p><\/li><li><p class=\"western\" lang=\"es-ES\" align=\"left\"><span style=\"font-size: medium;\">Contrato de alquiler del punto de comercializaci\u00f3n en la zona de seguridad fronteriza, si corresponde.<\/span><\/p><\/li><\/ol><p class=\"western\" lang=\"es-MX\" align=\"justify\">\u00a0<\/p>\t\t\t\t\t\t\t\t<\/div>\n\t\t\t\t<\/div>\n\t\t\t\t\t<\/div>\n\t\t\t\t<\/div>\n\t\t\t\t<\/div>\n\t\t","protected":false},"excerpt":{"rendered":"<p>Registro de Proveedores \u00danicos en Ciudades Fronterizas Descripci\u00f3n breve: Con la finalidad de contribuir con la lucha contra el contrabando de salida de alimentos y fortalecer la presencia de productores locales en zonas lim\u00edtrofes, se implementa el Registro de Proveedores \u00danicos. Objetivo: Registrar a personas naturales y jur\u00eddicas que desarrollen actividades de abastecimiento de alimentos [&hellip;]<\/p>\n","protected":false},"author":1,"featured_media":0,"parent":0,"menu_order":0,"comment_status":"closed","ping_status":"closed","template":"","meta":{"footnotes":""},"class_list":["post-1955","page","type-page","status-publish","hentry"],"_links":{"self":[{"href":"https:\/\/observatorioagro.gob.bo\/index.php?rest_route=\/wp\/v2\/pages\/1955","targetHints":{"allow":["GET"]}}],"collection":[{"href":"https:\/\/observatorioagro.gob.bo\/index.php?rest_route=\/wp\/v2\/pages"}],"about":[{"href":"https:\/\/observatorioagro.gob.bo\/index.php?rest_route=\/wp\/v2\/types\/page"}],"author":[{"embeddable":true,"href":"https:\/\/observatorioagro.gob.bo\/index.php?rest_route=\/wp\/v2\/users\/1"}],"replies":[{"embeddable":true,"href":"https:\/\/observatorioagro.gob.bo\/index.php?rest_route=%2Fwp%2Fv2%2Fcomments&post=1955"}],"version-history":[{"count":7,"href":"https:\/\/observatorioagro.gob.bo\/index.php?rest_route=\/wp\/v2\/pages\/1955\/revisions"}],"predecessor-version":[{"id":1963,"href":"https:\/\/observatorioagro.gob.bo\/index.php?rest_route=\/wp\/v2\/pages\/1955\/revisions\/1963"}],"wp:attachment":[{"href":"https:\/\/observatorioagro.gob.bo\/index.php?rest_route=%2Fwp%2Fv2%2Fmedia&parent=1955"}],"curies":[{"name":"wp","href":"https:\/\/api.w.org\/{rel}","templated":true}]}}