{"id":1965,"date":"2025-07-09T15:17:02","date_gmt":"2025-07-09T15:17:02","guid":{"rendered":"http:\/\/web.observatorioagro.gob.bo\/?page_id=1965"},"modified":"2025-07-09T15:25:52","modified_gmt":"2025-07-09T15:25:52","slug":"elementor-1965","status":"publish","type":"page","link":"https:\/\/observatorioagro.gob.bo\/?page_id=1965","title":{"rendered":"CUC"},"content":{"rendered":"\t\t<div data-elementor-type=\"wp-page\" data-elementor-id=\"1965\" class=\"elementor elementor-1965\" data-elementor-post-type=\"page\">\n\t\t\t\t<div class=\"elementor-element elementor-element-4b06013 e-flex e-con-boxed e-con e-parent\" data-id=\"4b06013\" data-element_type=\"container\">\n\t\t\t\t\t<div class=\"e-con-inner\">\n\t\t\t\t<div class=\"elementor-element elementor-element-0382199 elementor-widget elementor-widget-heading\" data-id=\"0382199\" data-element_type=\"widget\" data-widget_type=\"heading.default\">\n\t\t\t\t<div class=\"elementor-widget-container\">\n\t\t\t\t\t<h1 class=\"elementor-heading-title elementor-size-default\">Registro de C\u00f3digo \u00danico Ca\u00f1ero CUC<\/h1>\t\t\t\t<\/div>\n\t\t\t\t<\/div>\n\t\t\t\t<div class=\"elementor-element elementor-element-96fe9f7 elementor-widget elementor-widget-text-editor\" data-id=\"96fe9f7\" data-element_type=\"widget\" data-widget_type=\"text-editor.default\">\n\t\t\t\t<div class=\"elementor-widget-container\">\n\t\t\t\t\t\t\t\t\t<h3><span style=\"font-family: Arial, sans-serif; color: #000000;\">\u00bfQu\u00e9 es el C\u00f3digo \u00danico Ca\u00f1ero?<\/span><\/h3><p style=\"padding-left: 40px;\"><span style=\"font-family: Arial, sans-serif;\">Es un c\u00f3digo de identificaci\u00f3n <\/span><strong><span style=\"font-family: Arial, sans-serif;\">obligatorio, gratuito y confidencial<\/span><\/strong><span style=\"font-family: Arial, sans-serif;\">, asignado a <\/span><strong><span style=\"font-family: Arial, sans-serif;\">productores e instituciones<\/span><\/strong><span style=\"font-family: Arial, sans-serif;\"> del sector ca\u00f1ero a nivel nacional.<\/span><\/p><p>\u00a0<\/p><h3 lang=\"es-419\" align=\"justify\"><span style=\"font-family: Arial, sans-serif;\"><span lang=\"es-BO\"><b>Objetivo del Registro<\/b><\/span><\/span><\/h3><p style=\"padding-left: 40px;\"><span style=\"font-family: Arial, sans-serif;\"><span lang=\"es-BO\">Garantizar la trazabilidad de la cadena productiva y facilitar una planificaci\u00f3n sectorial eficiente, conforme a la Ley N.\u00ba 307 y el Decreto Supremo N.\u00ba 1554.<\/span><\/span><\/p><p>\u00a0<\/p><h3 lang=\"es-419\" align=\"justify\"><span style=\"font-family: Arial, sans-serif;\"><span lang=\"es-BO\"><b>\u00bfCu\u00e1ndo registrar o actualizar el CUC?<\/b><\/span><\/span><\/h3><ul><li lang=\"es-419\"><span style=\"font-family: Arial, sans-serif;\"><span lang=\"es-BO\">La <\/span><\/span><span style=\"font-family: Arial, sans-serif;\"><span lang=\"es-BO\">solicitud de registro o actualizaci\u00f3n<\/span><\/span><span style=\"font-family: Arial, sans-serif;\"><span lang=\"es-BO\"> puede realizarse <\/span><\/span><span style=\"font-family: Arial, sans-serif;\"><span lang=\"es-BO\">desde la conclusi\u00f3n de la zafra hasta el 15 de febrero<\/span><\/span><span style=\"font-family: Arial, sans-serif;\"><span lang=\"es-BO\"> de cada gesti\u00f3n.<\/span><\/span><\/li><li lang=\"es-419\"><span style=\"font-family: Arial, sans-serif;\"><span lang=\"es-BO\">La <\/span><\/span><span style=\"font-family: Arial, sans-serif;\"><span lang=\"es-BO\">actualizaci\u00f3n general del registro<\/span><\/span><span style=\"font-family: Arial, sans-serif;\"><span lang=\"es-BO\"> debe efectuarse <\/span><\/span><span style=\"font-family: Arial, sans-serif;\"><span lang=\"es-BO\">cada 5 a\u00f1os<\/span><\/span><span style=\"font-family: Arial, sans-serif;\"><span lang=\"es-BO\">.<\/span><\/span><\/li><\/ul><p>\u00a0<\/p><h3 lang=\"es-419\" align=\"justify\"><span style=\"font-family: Arial, sans-serif;\"><b>Requisitos para Productores Ca\u00f1eros<\/b><\/span><\/h3><ul><li lang=\"es-419\"><span style=\"font-family: Arial, sans-serif;\"><span lang=\"es-ES\">Nota de solicitud de Actualizaci\u00f3n o Registro \u00danico Ca\u00f1ero remitida por la Instituci\u00f3n Ca\u00f1era a la que el productor pertenece, dirigido al Ministro (a) de Desarrollo Rural y Tierras.<\/span><\/span><\/li><li lang=\"es-419\"><span style=\"font-family: Arial, sans-serif;\"><span lang=\"es-ES\">Fotocopia carnet de identidad del productor<\/span><\/span><\/li><li lang=\"es-419\"><span style=\"font-family: Arial, sans-serif;\"><span lang=\"es-ES\">Fotocopia documento de propiedad:\u00a0<br \/><\/span><\/span><ul><li lang=\"es-419\"><span style=\"font-family: Arial, sans-serif;\"><span lang=\"es-ES\">En caso de no ser titular del predio, deber\u00e1 adjuntar, adem\u00e1s, el documento de relaci\u00f3n contractual que tiene con el propietario. <\/span><\/span><\/li><li lang=\"es-419\"><span style=\"font-family: Arial, sans-serif;\"><span lang=\"es-ES\">En caso de no contar con T\u00edtulo de Propiedad, el interesado deber\u00e1 de adjuntar de forma excepcional, documento emitido por la M\u00e1xima Autoridad de la Comunidad que certifique que es Productor Ca\u00f1ero y que el mismo se encuentra en posici\u00f3n pacifica del bien inmueble (Este documento tendr\u00e1 validez hasta la obtenci\u00f3n del T\u00edtulo de Propiedad).<\/span><\/span><\/li><\/ul><\/li><li><span style=\"font-family: Arial, sans-serif;\"><span lang=\"es-ES\">Formulario de registro debidamente firmado y visado por la instituci\u00f3n ca\u00f1era a la que pertenece.<\/span><\/span><\/li><\/ul><p>\u00a0<\/p><h3 lang=\"es-419\" align=\"justify\"><span style=\"font-family: Arial, sans-serif;\"><span lang=\"es-ES\"><b>Requisitos para Instituciones Ca\u00f1eras<\/b><\/span><\/span><\/h3><ul><li lang=\"es-419\"><span style=\"font-family: Arial, sans-serif;\"><span lang=\"es-ES\">Nota de solicitud de Actualizaci\u00f3n o Registro de Instituci\u00f3n Ca\u00f1era, dirigido al Ministro (a) de Desarrollo Rural y Tierras.<\/span><\/span><\/li><li lang=\"es-419\"><span style=\"font-family: Arial, sans-serif;\"><span lang=\"es-ES\">Fotocopia de Personalidad Jur\u00eddica asignado por la instancia competente. En caso de Instituciones P\u00fablicas deber\u00e1 presentar Acta de Creaci\u00f3n de la instituci\u00f3n.<\/span><\/span><\/li><li lang=\"es-419\"><span style=\"font-family: Arial, sans-serif;\"><span lang=\"es-ES\">Fotocopia del Testimonio del Poder amplio y suficiente del Representante Legal. En caso de Instituciones P\u00fablicas, deber\u00e1 presentar fotocopia del documento que acredite al representante.<\/span><\/span><\/li><li lang=\"es-419\"><span style=\"font-family: Arial, sans-serif;\"><span lang=\"es-ES\">Fotocopia Carnet de identidad del Representante Legal.<\/span><\/span><\/li><\/ul><p>\u00a0<\/p><h3><span style=\"font-family: Arial, sans-serif;\"><span lang=\"es-ES\"><b>IMPORTANTE<\/b><\/span><\/span><\/h3><p><a name=\"_GoBack\"><\/a> <span style=\"font-family: Arial, sans-serif;\"><span lang=\"es-BO\">El Registro \u00danico Ca\u00f1ero es indispensable para ser considerado en el <\/span><\/span><strong><span style=\"font-family: Arial, sans-serif;\"><span lang=\"es-BO\">Plan de Zafra<\/span><\/span><\/strong><span style=\"font-family: Arial, sans-serif;\"><span lang=\"es-BO\"> de cada gesti\u00f3n. Su tramitaci\u00f3n es totalmente <\/span><\/span><strong><span style=\"font-family: Arial, sans-serif;\"><span lang=\"es-BO\">gratuita<\/span><\/span><\/strong><span style=\"font-family: Arial, sans-serif;\"><span lang=\"es-BO\">, y la informaci\u00f3n proporcionada es tratada con <\/span><\/span><strong><span style=\"font-family: Arial, sans-serif;\"><span lang=\"es-BO\">confidencialidad<\/span><\/span><\/strong><span style=\"font-family: Arial, sans-serif;\"><span lang=\"es-BO\">.<\/span><\/span><\/p>\t\t\t\t\t\t\t\t<\/div>\n\t\t\t\t<\/div>\n\t\t\t\t\t<\/div>\n\t\t\t\t<\/div>\n\t\t\t\t<\/div>\n\t\t","protected":false},"excerpt":{"rendered":"<p>Registro de C\u00f3digo \u00danico Ca\u00f1ero CUC \u00bfQu\u00e9 es el C\u00f3digo \u00danico Ca\u00f1ero? Es un c\u00f3digo de identificaci\u00f3n obligatorio, gratuito y confidencial, asignado a productores e instituciones del sector ca\u00f1ero a nivel nacional. \u00a0 Objetivo del Registro Garantizar la trazabilidad de la cadena productiva y facilitar una planificaci\u00f3n sectorial eficiente, conforme a la Ley N.\u00ba 307 [&hellip;]<\/p>\n","protected":false},"author":1,"featured_media":0,"parent":0,"menu_order":0,"comment_status":"closed","ping_status":"closed","template":"","meta":{"footnotes":""},"class_list":["post-1965","page","type-page","status-publish","hentry"],"_links":{"self":[{"href":"https:\/\/observatorioagro.gob.bo\/index.php?rest_route=\/wp\/v2\/pages\/1965","targetHints":{"allow":["GET"]}}],"collection":[{"href":"https:\/\/observatorioagro.gob.bo\/index.php?rest_route=\/wp\/v2\/pages"}],"about":[{"href":"https:\/\/observatorioagro.gob.bo\/index.php?rest_route=\/wp\/v2\/types\/page"}],"author":[{"embeddable":true,"href":"https:\/\/observatorioagro.gob.bo\/index.php?rest_route=\/wp\/v2\/users\/1"}],"replies":[{"embeddable":true,"href":"https:\/\/observatorioagro.gob.bo\/index.php?rest_route=%2Fwp%2Fv2%2Fcomments&post=1965"}],"version-history":[{"count":7,"href":"https:\/\/observatorioagro.gob.bo\/index.php?rest_route=\/wp\/v2\/pages\/1965\/revisions"}],"predecessor-version":[{"id":1972,"href":"https:\/\/observatorioagro.gob.bo\/index.php?rest_route=\/wp\/v2\/pages\/1965\/revisions\/1972"}],"wp:attachment":[{"href":"https:\/\/observatorioagro.gob.bo\/index.php?rest_route=%2Fwp%2Fv2%2Fmedia&parent=1965"}],"curies":[{"name":"wp","href":"https:\/\/api.w.org\/{rel}","templated":true}]}}